 3. Let o(f) = g*h(f) - 3*y(f). Determine o(5).
-9
Let d(r) be the third derivative of r**5/120 + r**4/12 - 2*r**3 - 10*r**2. Let w(b) be the first derivative of d(b). Determine w(-5).
-3
Let d(j) be the second derivative of j**3/6 + j**2/2 - 73*j. Let k be ((-2)/(-2))/((-1)/(-11)). Let g = 9 - k. Calculate d(g).
-1
Let z(g) = -g - 2. Let v(n) = -n**2 + n + 4. Let o(s) = -3*v(s) - 7*z(s). Suppose 6*r + 30 = -24. Let w = r - -7. Give o(w).
6
Suppose s - 2 = -14. Let u be s/3 + 8 + -6. Let t(n) = -n**2 + n - 2. Determine t(u).
-8
Let d(k) = -k**2 + 8*k + 140. Let n be d(16). Let c(g) = -g**2 + 12*g - 3. What is c(n)?
-3
Let w = -172 - -172. Let s(k) = k**2 + k - 9. Determine s(w).
-9
Let l be ((-24)/(-28))/(1/7). Let p(o) = -3 - o + l*o - 8*o. Suppose 18*j - 10*j + 24 = 0. Give p(j).
6
Let m(p) = 7*p + 2. Let k(x) = 19 + x - 4*x - 20. Let t(y) = -9*k(y) - 4*m(y). What is t(-3)?
4
Let r(t) = t**3 - t**2. Let g(w) = -3*w**3 + 14*w**2 + 8*w - 10. Let y(x) = g(x) + 4*r(x). Give y(-9).
-1
Suppose r + 11 = -5*p + 3, 7 = -4*p - r. Let x(t) be the third derivative of -t**4/24 - t**3/6 - t**2. Give x(p).
0
Let m be 3/(-6)*-1*4. Let t = m - -1. Let b(r) = 0*r**2 - 1 + 3*r**2 + t*r - 4*r**2. What is b(5)?
-11
Let n(l) = l + 1. Let h be 1/(-3*1/(-111)). Let z = h - 36. Determine n(z).
2
Let m(t) = t**2 - 5*t - 15. Let u(q) = -q. Let k(j) = m(j) + 6*u(j). Calculate k(12).
-3
Let d(q) = -q - 5. Suppose -g + 3*a = 2*g - 12, 0 = 5*g - 2*a - 26. Suppose 25 = -y + g*y. Determine d(y).
-10
Suppose 24 = -2*z + 12. Let p(r) be the first derivative of r**3/3 + 7*r**2/2 + 7*r - 14. Give p(z).
1
Let r(f) = -f**3 + 5*f**2 + 14*f + 4. Let x be r(7). Let q(s) = -s**2 + 2*s - 1. Give q(x).
-9
Let y = -2 - -29. Suppose -y = -2*a + 5*a - 2*w, -5*w = -3*a - 36. Let p(o) = -o - 7. Calculate p(a).
0
Let b(w) be the third derivative of w**7/840 + w**6/360 - w**5/30 + w**4/24 - 19*w**3/6 - 18*w**2. Let r(f) be the first derivative of b(f). Determine r(-3).
-5
Let b(v) = 28*v**3 - 6*v**2 + 4*v. Let i(g) = 13*g**3 - 3*g**2 + 2*g. Let q(y) = 6*b(y) - 13*i(y). Give q(3).
-6
Let p(d) = d**2 - 7*d + 6. Suppose -y + m = -1, 0 = 2*y + 2*m - 0*m - 14. What is p(y)?
-6
Let o(p) = p**2 + p + 1. Suppose 11 = 4*s - 5*g, -s - 2*s = -2*g - 10. Let d(z) = 3*z**2 + 6. Let y(c) = s*o(c) - d(c). Let h = 3 - 6. Calculate y(h).
-5
Let q(i) = -i**2 + 5*i + 1. Let s(z) = 2*z**2 + 28*z + 3. Let n be s(-14). Suppose 0 = n*v - 15, -v = -2*r + v - 4. Calculate q(r).
7
Suppose c + 2*o = 8, 2*c = -11*o + 6*o + 19. Let x(j) = j**2 - 70 + 3*j - 2*j**c + 66. Suppose 3*d - 4*i = 5, 0 = 4*d + i - 4 - 9. What is x(d)?
-4
Let a(y) = 4*y**2 - 33*y + 37. Let f(c) = c**2 - 8*c + 9. Let o(w) = -2*a(w) + 9*f(w). Let i be o(6). Let m(r) = -r**2 + 8*r - 2. Give m(i).
5
Let v(q) = 8*q - 4. Let n(s) = 5*s**3 - s**2 + 42*s + 44. Let r be n(-1). Determine v(r).
-36
Let g(m) be the third derivative of -m**6/120 - m**5/12 + m**4/4 + 8*m**2. Let q be 12/((-273)/(-93) + -3). Let u be q/30 - 2/(-10). Calculate g(u).
0
Let l(u) = -3 + 2*u + 0 - u. Suppose 341*s = 337*s + 28. What is l(s)?
4
Let l(u) = u + 6. Let a(n) = -9*n**3 - 19*n**2 + 2*n + 23. Let s(w) = 5*w**3 + 10*w**2 - w - 12. Let h(z) = -6*a(z) - 11*s(z). Let o be h(3). What is l(o)?
6
Let p(f) = -38*f - 29*f - 1 - 31*f + 97*f - f**3. Calculate p(-1).
1
Let l(f) = f**3 - 6*f**2 + 7*f + 1. Let d(x) = -2*x**3 + 7*x**2 - 9*x - 2. Let i(b) = -2*d(b) - 3*l(b). Determine i(-5).
-9
Let i(l) = -17*l - 3*l + 6 - 8*l + 29*l. What is i(-3)?
3
Let c(y) = 2*y**2 - 4*y**2 + 6*y**2 - 12 - 5*y**2. Let p = 2 + -2. What is c(p)?
-12
Let x = 2062 - 2063. Let l(c) = c**2 + 3*c + 2. Let t be l(-3). Let a(h) = -h**2 + 1 - 2*h**t - 4*h**3 + h + 2*h**2. What is a(x)?
3
Let i(m) be the third derivative of -m**5/30 - 5*m**4/12 - m**3 + 393*m**2. What is i(-4)?
2
Let x(k) be the second derivative of -k**4/12 - k**3/3 + 4*k**2 - 778*k. Give x(7).
-55
Let u(v) = 6*v**3 - 4*v**2 - 3*v + 6. Let m(z) = 11*z**3 - 8*z**2 - 5*z + 11. Let j(n) = 4*m(n) - 7*u(n). Let y be (-2)/(-3)*(8 - (-6 + 11)). Determine j(y).
4
Let g(m) = 2*m**2 + 0*m - 1280349*m**3 + 1280350*m**3 - 1 - 2*m. What is g(2)?
11
Let m(q) = q**3 - 10*q**2 - 13*q + 21. Let j(a) = -91*a + 557. Let u be j(6). Give m(u).
-1
Let v(l) = -l**3 + 9*l**2 + 4. Suppose 3*b = 2*b - 9. Let c(x) = x**3 + 10*x**2 + 8*x. Let m be c(b). Calculate v(m).
4
Let k(h) = -h**2 + 2*h. Let i = 147 + -142. Calculate k(i).
-15
Let k(t) = t**3 + 2*t**2 - 8*t - 4. Suppose -4*g - 4*w = -8*w + 16, 0 = 5*w - 5. Determine k(g).
11
Let q(w) = 3*w - 18. Let l(s) = 4*s - 19. Let y(h) = 4*l(h) - 5*q(h). Let m(c) = -c**3 + 8*c**2 - 9*c + 8. Let n be m(7). Let v = 0 + n. Calculate y(v).
8
Let q = -59 - -53. Let o(b) = -9 - 12*b**2 + 3*b**2 - 6*b + 8*b**2. Give o(q).
-9
Let t(n) be the second derivative of 0*n**3 - 1/6*n**4 + 0 - 16*n + 1/2*n**2 + 1/20*n**5. Give t(-1).
-2
Let u(b) = 112 - 10*b**2 + 21*b**2 + 10*b**2 + 2*b**3 + 3*b - 8*b**2 - 124. Determine u(-6).
6
Let x(s) be the second derivative of 3*s**5/20 - s**4/12 + s**2/2 - 48*s - 2. Let k be 3/(2/(-20)*-6). Suppose -d = 4*d + k. Calculate x(d).
-3
Let i(l) = -2*l - 1. Let d(q) = 7*q - 26. Let m(t) = d(t) + 2*i(t). Give m(10).
2
Let i(p) be the first derivative of -p**3/3 + 2*p**2 + 3*p - 95. What is i(6)?
-9
Suppose 0 = 2*y - 7*f + 2*f - 33, -2*f - 22 = -3*y. Let o(b) = -4*b. What is o(y)?
-16
Let p(g) = -4*g**3 + 2*g - 1. Let h(i) = -i**3 - 28*i**2 + i + 30. Let o be h(-28). Determine p(o).
-29
Let m(i) = i**3 - 14*i**2 - 15*i + 5. Suppose 8*x = 57 + 63. Calculate m(x).
5
Let i(q) = 4*q**2 - 23*q + 19. Let v(n) = 3*n**2 - 16*n + 13. Let g(l) = -5*i(l) + 7*v(l). What is g(-4)?
0
Suppose 86*m - 16 = 70*m. Let g(q) = -5*q + 1. Give g(m).
-4
Let o(i) = 5*i**2 + 3*i - 1. Let x(n) = n**2 + n - 1. Let k(p) = o(p) - 6*x(p). Let l(t) = t**2 + 5*t - 1. Let s be l(-4). What is k(s)?
-5
Let x be (3 + -1)*(-24)/(-30)*5. Let t(a) = a - 9. Calculate t(x).
-1
Let m(p) = -2494*p**3 - 3*p**2 - 2*p. Let y be m(-1). Let j(l) = -2495 + 6*l**2 + 3*l - l + y + l**3. Calculate j(-5).
13
Suppose 5*o + 45 = -4*o. Let b(z) = -z**3 - 3*z**2 + 4*z + 6. Give b(o).
36
Let y(h) = h**2 + 5*h - 4. Let t = 6 + -12. Let c be y(t). Let p(j) = -6 - 2*j**c + 2*j + 0 + 3*j**2 + 3. Determine p(-4).
5
Suppose 0 = v + 4*s - 4 + 11, -s - 43 = 3*v. Let u = -11 - v. Let o(p) = -p**2 + 4*p - 6. Give o(u).
-6
Let s(x) = -x - 13. Let o(v) = -v**2 + 4*v + 10. Let c be o(7). Let p be s(c). Let q(y) = -y**2 + 3*y + 3. Determine q(p).
-7
Let z(a) = -4*a**2 - 8*a - 4. Let o(n) = -11*n**2 - 23*n - 11. Let q(t) = 3*o(t) - 8*z(t). Suppose 5*l + 95 = -35. Let k = 22 + l. Calculate q(k).
3
Let k(v) = -v**3 - 3*v**2 - v - 1. Let w(a) = 11 - 2 + 7*a + 11*a**2 - 10*a**2. Let b be w(-4). Calculate k(b).
2
Let z(o) = -o. Suppose s - 46 + 36 = 0. Suppose s = 2*g, 5*g - 24 = -5*f - 4. Determine z(f).
1
Let w(o) = -o - 10. Let m(x) be the third derivative of -x**5/60 + x**4/8 - x**3/2 + x**2. Let r be m(3). Let a be ((-20)/4 - r) + 2. What is w(a)?
-10
Let b(k) be the third derivative of k**6/120 + k**5/10 - 3*k**2 + 50. Let w(h) = -h**3 + 7*h**2 - 7*h. Let f be w(6). Determine b(f).
0
Let j(v) = v**2 + 10*v + 5. Let b be j(-10). Let t(k) = -k**2 + 2*k - 4. Calculate t(b).
-19
Let j(r) = -r**2 + 1. Let t(b) = -4*b**2 - 6*b. Suppose -o - 2*x = 4*o - 33, -o - 7 = -3*x. Let m = 11 - 12. Let i(a) = m*t(a) + o*j(a). Give i(6).
5
Suppose -57 = -u - 47. Let r(d) = 0 + 5*d + u*d**2 - 12*d**2 + 3*d**2 - 3. Let a = 5 + -10. Calculate r(a).
-3
Let z(x) = 6*x - 38. Let a be (-32)/(-6)*(-3 - (-27)/6). Calculate z(a).
10
Let w(l) be the first derivative of l**2/2 + 4*l + 6. Let q be w(0). Let d(g) = 0 + g - 2 - 3*g - q*g**2 - 2*g. Calculate d(-2).
-10
Let v(l) = l - 2. Suppose -3*m - 233 = -2*n - 33, 50 = -m + 4*n. Let p be (-6)/5*m/21. Suppose 6*h - p = 4*h. Give v(h).
0
Let z(d) = d**3 - 10*d**2 - 10. Let g = 2269 - 2259. Calculate z(g).
-10
Let r(a) = -24 + 4*a - 3*a - a + 18 + 4*a. Let y = 0 - -4. Calculate r(y).
10
Let a(c) = c**2 - 4*c + 7. Let z be a(5). Suppose 5*q - 8 = z. Let m(x) = x**2 - 4*x + 1. Give m(q).
1
Let m(h) = -2 - 4 + 4 + 4 - 4 + h. What is m(4)?
2
Let w(y) = 993 + 7*y - 496 - 494 + y**2. Calculate w(-6).
-3
Suppose -143 + 43 = -50*t. Let c(z) = -3*z**3 - z**2 - 1. Calcul